 + 51. Calculate j(12).
579
Let w(t) = -22*t**2 + 377*t + 2292. Calculate w(-7).
-1425
Let k(j) = -j**3 - 192*j**2 - 328*j + 9858. What is k(-190)?
-22
Let n(d) = 318643*d - 3186434. Give n(10).
-4
Let f(a) = 302*a + 3666. What is f(-12)?
42
Let y(r) = 3*r**3 - 800*r**2 - 1080*r + 1990. Calculate y(268).
-154
Let l(h) = 7*h**3 + 41*h**2 - 37*h + 181. Determine l(4).
1137
Let u(m) = m**3 + 124*m**2 + 3569*m - 188. Give u(-79).
-1294
Let k(u) = 4*u**2 + 2380*u - 46672. Give k(19).
-8
Let v(g) = -3*g**3 - 8*g**2 - 38*g - 37. Determine v(-1).
-4
Let y(b) = 4416*b - 4355. Calculate y(1).
61
Let u(c) = -c**2 + 75*c + 245. Calculate u(62).
1051
Let o(h) = h**3 - 46*h**2 - 31*h - 3142. Calculate o(48).
-22
Let t(f) = f**3 + 3*f**2 - 1118*f - 62. Give t(32).
2
Let t(a) = -a**3 + 63*a**2 - 654*a + 1515. Calculate t(9).
3
Let t(g) = 121*g**2 + 5188*g - 518. Determine t(-43).
127
Let n(i) = i**2 + 250*i - 3277. Give n(14).
419
Let g(j) = 6*j - 1250. Calculate g(210).
10
Let i(p) = p**3 - 34*p**2 - 28*p + 1024. Give i(34).
72
Let l(o) = 61*o + 200. Calculate l(12).
932
Let s(q) = 595*q + 28674. Give s(-50).
-1076
Let a(h) = 28*h - 804. What is a(7)?
-608
Let k(p) = -p**3 - 67*p**2 + 3571*p + 126. Give k(-102).
24
Let a(i) = i**2 + 127*i - 1329. Calculate a(10).
41
Let z(t) = -56628*t - 736181. Calculate z(-13).
-17
Let h(f) = -2*f**2 + 361*f - 7097. Determine h(22).
-123
Let f(g) = -14*g**2 - 731*g - 2845. Calculate f(-48).
-13
Let v(t) = t**3 - 632*t**2 - 67423*t + 182. What is v(-93)?
-4
Let n(d) = d**2 - 11*d + 525. Determine n(36).
1425
Let l(p) = 2*p**2 + 2041*p - 68916. Calculate l(33).
615
Let h(s) = 218*s**2 - 5446*s - 111. What is h(25)?
-11
Let m(b) = 23*b**3 + 119*b**2 + 18*b - 6. Give m(-5).
4
Let v(i) = -568*i**2 + 23*i + 7. Give v(-1).
-584
Let f(i) = -8030*i + 88319. What is f(11)?
-11
Let n(c) = 42*c**2 + 397*c - 3. Give n(-9).
-174
Let u(z) = -z**3 + 30*z**2 - 2*z - 17. Give u(8).
1375
Let b(h) = 31002*h + 217522. What is b(-7)?
508
Let z(d) = -2*d**2 + 107*d - 1608. What is z(22)?
-222
Let l(b) = -11*b**2 + 102*b + 3208. Give l(-13).
23
Let j(u) = 3051*u - 9081. Give j(3).
72
Let u(p) = -p**3 + 17*p**2 + 32*p + 39. What is u(13)?
1131
Let k(n) = 384*n + 40340. Give k(-105).
20
Let j(c) = 4*c**3 + 534*c**2 - 262*c + 743. What is j(-134)?
-61
Let v(h) = 6*h**3 + 4*h**2 + 32*h - 137. What is v(6)?
1495
Let d(f) = -f**3 - 132*f**2 - 4022*f + 457. Give d(-48).
-23
Let a(d) = -d**3 + 13*d**2 - 60*d + 1404. Calculate a(18).
-1296
Let y(f) = -109*f**3 + 16570*f**2 - 304*f - 106. Give y(152).
-106
Let g(h) = -h**3 - 54*h**2 + 250*h + 930. Calculate g(-58).
-114
Let z(o) = 628*o**2 - 312*o + 311. Calculate z(1).
627
Let h(g) = g**2 - 692*g + 112600. Determine h(430).
-60
Let a(h) = 78*h + 13160. What is a(-176)?
-568
Let f(u) = 4*u**2 - 1387*u - 5924. Calculate f(351).
43
Let c(o) = -7*o**2 + 508*o + 7220. Determine c(85).
-175
Let y(i) = -i**2 - 3002*i - 408936. Give y(-143).
-99
Let l(s) = -1050*s**2 - 15753*s - 27. Give l(-15).
18
Let s(o) = -311*o**2 + 78064*o - 781. What is s(251)?
-28
Let j(f) = -f**2 + 151*f - 5919. Give j(65).
-329
Let l(m) = m**2 + 5526*m - 459860. Give l(82).
-4
Let f(l) = 44*l**2 + 6491*l - 69317. What is f(10)?
-7
Let x(v) = 2*v**2 - 539*v + 8538. Calculate x(18).
-516
Let v(d) = -847*d - 37711. What is v(-45)?
404
Let q(f) = 3*f**2 + 370*f - 5576. What is q(15)?
649
Let i(g) = -5*g**2 - 65*g + 436. What is i(-18)?
-14
Let p(k) = 2332*k + 195898. What is p(-84)?
10
Let p(c) = c**3 - 9*c**2 + 464*c - 2222. Determine p(5).
-2
Let o(c) = 10*c**3 + 845*c**2 + 6123*c + 28. Give o(-8).
4
Let q(z) = 238*z**2 + 126855*z + 471. Determine q(-533).
-62
Let c(l) = -1742*l - 20933. Determine c(-12).
-29
Let i(s) = 1318*s + 36834. Give i(-29).
-1388
Let l(w) = -5*w**3 - 60*w**2 - 98*w + 25. Determine l(-11).
498
Let l(u) = -1056*u + 4142. Calculate l(4).
-82
Let b(k) = -11622*k - 325387. Determine b(-28).
29
Let z(p) = -91*p**2 + 1019*p + 802. What is z(12)?
-74
Let o(v) = -v**2 + 207*v - 3684. Calculate o(18).
-282
Let l(z) = -159*z**2 - 119*z + 18. Give l(2).
-856
Let p(f) = 3*f**3 + 613*f**2 - 29889*f + 233. Calculate p(-245).
-12
Let r(u) = -26436*u + 53147. Calculate r(2).
275
Let o(k) = 11*k**3 - 22*k**2 - 11*k + 12. Give o(3).
78
Let z(t) = -t**3 - 22*t**2 - 836*t - 17122. What is z(-21)?
-7
Let p(n) = 9*n - 1598. Determine p(101).
-689
Let d(f) = -f**3 - 33*f**2 + 573*f + 1151. Determine d(14).
-39
Let q(m) = 474*m + 1879. Determine q(-4).
-17
Let y(g) = 2445*g**2 + 109*g + 106. Give y(-1).
2442
Let j(t) = -66*t**2 - 363*t + 2993. Determine j(-10).
23
Let f(q) = -6*q**3 + 202*q**2 - 124*q - 151. Give f(33).
113
Let g(l) = -3*l**3 - 564*l**2 - 22*l - 3478. Give g(-188).
658
Let j(s) = -s**3 - 162*s**2 + 67*s + 10089. Give j(-162).
-765
Let c(z) = -71*z + 1652. What is c(15)?
587
Let y(k) = k**2 - 35*k - 194. Give y(-30).
1756
Let g(r) = r**3 - 69*r**2 + 646*r - 80. Give g(11).
8
Let w(j) = j**3 - 269*j**2 + 1295*j + 6654. What is w(264)?
54
Let k(w) = 1284980*w + 7709873. Give k(-6).
-7
Let d(u) = 716*u**3 + 9307*u**2 - 24*u - 76. Give d(-13).
67
Let c(f) = -223*f**2 - 24283*f + 2593. Calculate c(-109).
-23
Let h(m) = m**3 + 13*m**2 - 236*m - 168. Give h(-23).
-30
Let o(j) = -j**3 + 450*j**2 + 6481*j + 6996. Calculate o(464).
36
Let f(x) = -2*x**2 + 3647*x + 596355. What is f(-151)?
56
Let c(r) = r**3 - 2*r**2 + 11*r + 168. Give c(-11).
-1526
Let j(h) = -5430871*h - 27154356. What is j(-5)?
-1
Let q(r) = 19*r**2 - 8705*r + 78236. Calculate q(9).
1430
Let d(n) = 2*n**2 - 69*n + 914. Give d(13).
355
Let k(q) = q**3 + 8*q**2 - 19*q + 63. Calculate k(-10).
53
Let c(m) = -1384*m + 116244. What is c(84)?
-12
Let g(j) = -127*j**2 + 5712*j + 133. Give g(45).
-2
Let h(f) = f**2 - 95*f - 749. Determine h(98).
-455
Let s(m) = -m**3 + 61*m**2 + 799*m - 942. What is s(72)?
-438
Let c(s) = s**3 - 325*s**2 - 238*s - 28772. Determine c(326).
-84
Let f(t) = t**3 - 13269*t**2 + 317885*t - 112. Determine f(24).
8
Let o(b) = -1558*b - 11887. Calculate o(-8).
577
Let v(w) = 2211*w - 145223. Give v(65).
-1508
Let a(u) = 2507*u + 17852. What is a(-7)?
303
Let b(u) = 54*u**2 - 1132*u + 5603. What is b(13)?
13
Let k(q) = -q**2 - 479556*q - 1918227. Give k(-4).
-19
Let a(u) = -u**3 - 78*u**2 - 854*u + 2720. Calculate a(-64).
32
Let c(w) = -14099*w - 352447. Calculate c(-25).
28
Let w(u) = u**2 + 232*u + 11445. Determine w(-78).
-567
Let s(d) = 18*d**3 + 121*d**2 - 388*d - 2632. Calculate s(-7).
-161
Let j(u) = -u**3 + 225*u**2 + 9100*u + 24. Give j(-35).
24
Let y(c) = 343*c + 142. Calculate y(0).
142
Let d(k) = 14*k**2 - 329*k + 6. Give d(21).
-729
Let p(m) = 2811*m - 8384. Determine p(3).
49
Let n(x) = 50*x**2 + 745*x - 8. Determine n(-15).
67
Let b(l) = 20645*l - 247677. What is b(12)?
63
Let j(c) = c**3 + 291*c**2 + 2527*c - 3053. Determine j(-282).
49
Let h(n) = n**3 + 53*n**2 + 616*n + 20. Determine h(-16).
-364
Let i(c) = 2*c**3 - 328*c**2 - 646*c + 105938. Give i(164).
-6
Let v(x) = -72660*x - 435955. Give v(-6).
5
Let w(r) = 7*r**3 - 74*r**2 - 3*r + 104. What is w(11)?
434
Let a(t) = -t**3 - 1255*t**2 + 2435*t + 1480831. Calculate a(-1256).
7
Let j(p) = 94305*p + 848754. Determine j(-9).
9
Let d(k) = -164*k - 1375. What is d(-41)?
5349
Let k(d) = -5*d**2 + 180*d - 523. What is k(37)?
-708
Let j(x) = -x**3 - 666*x**2 - 3295*x + 6481. Calculate j(-661).
-129
Let b(n) = -805*n**2 - 620652*n + 2314. Calculate b(-771).
1
Let y(j) = -j**3 + 12*j**2 - 22191*j - 201423. Give y(-9).
-3
Let r(k) = 18718*k + 935904. Calculate r(-50).
4
Let r(l) = 209*l**3 - 5*l**2 - 6. Give r(-1).
-220
Let z(s) = -46878*s + 140623. Calculate z(3).
-11
Let k(j) = -11*j**2 + 99*j - 398. What is k(17)?
-1894
Let q(o) = -12*o**2 - 241*o + 262. Determine q(-18).
712
Let w(f) = 10*f**3 + 358*f**2 - 68*f + 44. Give w(-36).
-100
Let g(k) = -190136*k - 190238. Give g(-1).
-102
Let l(k) = -271351*k - 814053. Give l(-3).
0
Let b(c) = -100*c**3 - 7*c**2 - c + 7. Give b(1).
-101
Let p(v) = 3*v**2 + 670*v - 15140. Determine p(-244).
-12
Let i(w) = -372*w - 21536. Give i(-58).
40
Let z(r) = 352*r + 26053. Determine z(-74).
5
Let p(w) = -483*w - 3530. Determine p(-13).
2749
Let y(q) = q**2 + 5783*q - 215322. Calculate y(37).
18
Let u(c) = 8120*c - 81193. Determine u(10).
7
Let z(n) 